 - -141?
130
In base 16, what is -f + 87?
78
In base 14, what is -c9 + -1?
-ca
In base 3, what is 110 + -1121?
-1011
In base 9, what is -8 + -80?
-88
In base 3, what is -10 + 2111?
2101
In base 4, what is -100212 + 0?
-100212
In base 14, what is 89 - b?
7c
In base 6, what is -155 + 34?
-121
In base 15, what is -44 - 38?
-7c
In base 14, what is 5 - 8b?
-86
In base 14, what is 37 - -8?
41
In base 12, what is -4 + 103?
bb
In base 16, what is 3 + -cc?
-c9
In base 5, what is -200121 + -10?
-200131
In base 8, what is 411 - -4?
415
In base 5, what is -4 + 330?
321
In base 2, what is 1010 - -1010100001?
1010101011
In base 11, what is -1 + 3?
2
In base 10, what is 167 + 1?
168
In base 9, what is 5 + 566?
572
In base 14, what is 3 + 67?
6a
In base 14, what is -353 - 2?
-355
In base 15, what is -17 - -3ec?
3d5
In base 15, what is -68 + -5?
-6d
In base 11, what is -490 + 5?
-486
In base 5, what is 1402 + 2?
1404
In base 4, what is -3 + -3103?
-3112
In base 2, what is 100000001 - 1?
100000000
In base 3, what is 1 + -10121?
-10120
In base 9, what is 338 + -4?
334
In base 2, what is -110110 - 1100?
-1000010
In base 16, what is -b2 + 0?
-b2
In base 6, what is -120 - -103?
-13
In base 11, what is -87 - 4?
-90
In base 4, what is 1313 - 12?
1301
In base 7, what is 20 - -2?
22
In base 16, what is b5 - -4?
b9
In base 16, what is 16 - 1?
15
In base 8, what is -376 + -3?
-401
In base 6, what is 24444 - 4?
24440
In base 11, what is -11 - 1?
-12
In base 5, what is 2 - 114320?
-114313
In base 14, what is -b0 - 0?
-b0
In base 13, what is 8 + -15?
-a
In base 10, what is 1 - 58?
-57
In base 8, what is 4 - 226?
-222
In base 4, what is -132300 + -1?
-132301
In base 6, what is 3243 + -4?
3235
In base 7, what is 5 - 6361?
-6353
In base 4, what is 2030 + -113?
1311
In base 10, what is -13109 + -4?
-13113
In base 6, what is -105433 + -2?
-105435
In base 15, what is -19d - 6?
-1a4
In base 10, what is 8 + -155?
-147
In base 8, what is 2 - 131?
-127
In base 3, what is 1021202 - -10?
1021212
In base 5, what is 10 - 2012?
-2002
In base 4, what is 1 - 30122?
-30121
In base 15, what is -4 - -42c?
428
In base 6, what is 5 + -1534?
-1525
In base 8, what is 24 + -6?
16
In base 10, what is 182 - 5?
177
In base 3, what is 22101 - 120?
21211
In base 11, what is 95 + 36?
120
In base 7, what is -162 + 5?
-154
In base 2, what is 1010011 + 0?
1010011
In base 12, what is -24 - -14b?
127
In base 6, what is -152 - -14?
-134
In base 12, what is -226 + 0?
-226
In base 9, what is 3 + 116?
120
In base 2, what is 100100 + 101?
101001
In base 13, what is -3 + -33?
-36
In base 3, what is -220122 + 12?
-220110
In base 2, what is -11100100011 + -100?
-11100100111
In base 7, what is 0 + -10645?
-10645
In base 12, what is 34b5 - 0?
34b5
In base 10, what is 21 + 1?
22
In base 6, what is -115 + 23?
-52
In base 8, what is 137 + 15?
154
In base 2, what is 100101 + -111110010?
-111001101
In base 14, what is 603 + 2?
605
In base 7, what is 0 - -1045?
1045
In base 5, what is -12400 + 4?
-12341
In base 16, what is 2 - -724?
726
In base 10, what is 4 + -48?
-44
In base 14, what is 0 - -3?
3
In base 8, what is 10613 + 0?
10613
In base 11, what is -15 - 282?
-297
In base 15, what is -70 + -a?
-7a
In base 5, what is 3 + 11?
14
In base 8, what is 2155 - 10?
2145
In base 13, what is -2 - -19?
17
In base 3, what is 111 + -11?
100
In base 12, what is -25 + 32?
9
In base 10, what is -69 - 3?
-72
In base 12, what is -828 - 1?
-829
In base 5, what is -103 - -11?
-42
In base 13, what is 13 - a?
6
In base 10, what is -6295 - -1?
-6294
In base 7, what is -2 + -4005?
-4010
In base 11, what is 0 + -18?
-18
In base 3, what is -2002 - 101?
-2110
In base 3, what is 11 - 1111?
-1100
In base 6, what is -2 + -3452?
-3454
In base 4, what is 100222 - -11?
100233
In base 8, what is -504 + 0?
-504
In base 3, what is 1102001 - -10?
1102011
In base 8, what is 1 - -6?
7
In base 16, what is 13 + -57?
-44
In base 10, what is -70 - 1?
-71
In base 6, what is -51 - 244?
-335
In base 12, what is -122 + -2?
-124
In base 10, what is -952 - 1?
-953
In base 11, what is -128 + 1?
-127
In base 10, what is 9 - 799?
-790
In base 8, what is 43 + 61?
124
In base 3, what is 10002 - 2?
10000
In base 11, what is -1 + -29a?
-2a0
In base 11, what is -2 - -121?
11a
In base 14, what is 3 + 76?
79
In base 8, what is 3 - 117?
-114
In base 13, what is -4 + -1?
-5
In base 11, what is 1290 + 0?
1290
In base 16, what is 1d - 4?
19
In base 5, what is 12 + -114?
-102
In base 11, what is 524 - -4?
528
In base 10, what is 85 - 6?
79
In base 5, what is -1012 + 32?
-430
In base 7, what is 526 - -6?
535
In base 9, what is -5 + 12?
6
In base 6, what is -140 + -15?
-155
In base 4, what is -1310 + -11?
-1321
In base 4, what is 10 - -2020?
2030
In base 12, what is 6a + 5?
73
In base 11, what is -3 + a?
7
In base 16, what is 42e6 - 1?
42e5
In base 8, what is -5706 - -5?
-5701
In base 9, what is 11 - -12?
23
In base 15, what is 3c - 5?
37
In base 12, what is -1b0 + -4?
-1b4
In base 8, what is -6566 - 5?
-6573
In base 16, what is -f - b?
-1a
In base 14, what is -4 + -2c?
-32
In base 2, what is -1000010001 + -1?
-1000010010
In base 8, what is 55 + -154?
-77
In base 15, what is 29 - 57?
-2d
In base 12, what is -8b4 - 1?
-8b5
In base 13, what is 6b9 + -3?
6b6
In base 10, what is 10 - -35?
45
In base 10, what is -121 + 13?
-108
In base 7, what is -1316 + 3?
-1313
In base 5, what is 4 - 411?
-402
In base 11, what is 9 + -64a?
-641
In base 15, what is 9 - 1a?
-11
In base 9, what is 12 - 13?
-1
In base 6, what is -2 + -41?
-43
In base 16, what is -5 - -702?
6fd
In base 6, what is 3 - 121?
-114
In base 8, what is -2 + 166?
164
In base 3, what is -2100 - 10?
-2110
In base 6, what is 25141 + -15?
25122
In base 3, what is -10 + -222112?
-222122
In base 11, what is 9 - -218?
226
In base 8, what is 13722 - -1?
13723
In base 5, what is -10 + 3021?
3011
In base 3, what is -1 - -10102120?
10102112
In base 2, what is 10 + -100000000?
-11111110
In base 9, what is -2 - 8706?
-8708
In base 3, what is 22111 + -12?
22022
In base 8, what is -370 - 5?
-375
In base 9, what is 1013 + 1?
1014
In base 2, what is -1111001 + -10?
-1111011
In base 6, what is -2230 - 0?
-2230
In base 13, what is 1a - -3?
20
In base 13, what is -77 + 6?
-71
In base 11, what is 342 + 2?
344
In base 11, what is 2a - 12?
18
In base 12, what is 14 + -6?
a
In base 16, what is -8 + -397?
-39f
In base 9, what is -4 - -218?
214
In base 15, what is 17 - -431?
448
In base 12, what is 1 - -279?
27a
In base 15, what is -2 + c?
a
In base 3, what is -2222 - -1022?
-1200
In base 11, what is -30 - -38?
8
In base 16, what is 1f + 4?
23
In base 10, what is 174 + 2?
176
In base 7, what is -3545 + -5?
-3553
In base 2, what is 0 - 111001?
-111001
In base 4, what is -21 + -222?
-303
In base 8, what is -3 + 336?
333
In base 6, what is -24 - -205?
141
In base 12, what is 1997 - 6?
1991
In base 4, what is -2 + -120231?
-120233
In base 6, what is 11031 + 4?
11035
In base 13, what is b2 - -44?
126
In base 6, what is -202 + 353?
151
In base 9, what is -13 - 1616?
-1630
In base 15, what is 2 - d9?
-d7
In base 14, what is -158 + -7?
-161
In base 7, what is -5 + -106?
-114
In base 16, what is e - 19?
-b
In base 6, what is -1511 + -21?
-1532
In base 5, what is -2331 + 10?
-2321
In base 3, what is -2021121 - -1?
-2021120
In base 16, what is -7 + -22?
-29
In base 5, what is -11 + 2404?
2343
In base 4, what is 1002 + -20?
322
In base 16, what is 0 + 1354?
1354
In base 9, what is -3 - 12?
-15
In base 11, what is 0 + 295?
295
In base 9, what is -8141 + 5?
-8135
In base 7, what is 0 + 550?
550
In base 7, what is 522 + 10?
532
In base 10, what is -1897 + -3?
-1900
In base 15, what is 24 + 10?
34
In base 12, what is -70 - 6?
-76
In base 14, what is -8 - a7?
-b1
In base 10, what is -4 + -437?
-441
In base 15, what is -473 + 5?
-46d
In base 4, what is -303010 - -10?
-303000
In base 9, what is 46 + -4?
42
In base 12, what is -b + 3b?
30
In base 13, what is -2 + 454?
452
In base 7, what is 4 + -111?
-104
In base 2, what is 11 + -10?
1
In base 3, what is -1 - 10?
-11
In base 12, what is -2 + -52?
-54
In base 11, what is -18 + -4?
-21
In base 16, what is -e9 + 16?
-d3
In base 9, what is 568 - 3?
565
In base 10, what is 5 + 30?
35
In base 3, what is -20 - 1001001?
-1001021
In 